 -1 = 2*c - w - 14, -5*c + 4*w = -40. What is the remainder when 16 is divided by c?
0
Suppose -i = 2*i - 6. Let o(s) = 4*s**2 + 2*s - 8. Let r be o(-6). Suppose -2*x + r = i*x. Calculate the remainder when x is divided by 16.
15
Let u(x) be the third derivative of 41*x**5/60 - x**3/6 + x**2. Calculate the remainder when u(1) is divided by 14.
12
Let f = -50 - -68. What is the remainder when 69 is divided by f?
15
Let m = 63 + -35. Let n = 39 + -24. What is the remainder when m is divided by n?
13
Suppose 0 = 6*m - 5*m - 5. Calculate the remainder when 14 is divided by m.
4
What is the remainder when 10*((-15)/(-2) + -3) is divided by 12?
9
Let o = -73 + 84. What is the remainder when 38 is divided by o?
5
Let s be (7 + -1)*(-4)/(-6). Suppose s*l - 105 = -l. What is the remainder when 41 is divided by l?
20
Let f(a) = 2*a + 26. What is the remainder when 39 is divided by f(-9)?
7
Suppose 0 = 10*i - i - 711. What is the remainder when i is divided by 20?
19
Suppose 18 = -4*m + 10*m. Calculate the remainder when 6 is divided by m.
0
Calculate the remainder when 82 is divided by (2/6)/(4/336).
26
Suppose 0 = 2*b + 6 + 2, -260 = -3*j + 5*b. What is the remainder when j is divided by 27?
26
Let j(l) = -2*l**3 - 5*l**2 - 6*l - 10. Suppose 0 = -4*p + p + 63. Calculate the remainder when j(-4) is divided by p.
20
What is the remainder when (-4 + 4 - 2)/((-4)/110) is divided by 14?
13
Let p(g) = -g + 11. Suppose -5*x - 4 = -3*b - 23, 0 = -3*b - 9. What is the remainder when x is divided by p(10)?
0
Let t = 57 + 25. What is the remainder when t is divided by 17?
14
What is the remainder when 2156/42 + (-4)/3 is divided by 13?
11
Suppose 5*q = 2*w + 227 + 8, 5*w - 123 = -2*q. Let t(j) = 2*j**3 - 4*j**2 - 1. What is the remainder when q is divided by t(3)?
15
Suppose 33 - 173 = -4*n. Suppose 4*m + 11 - n = 0. Calculate the remainder when 21 is divided by m.
3
Suppose -4*u - 10 = 2*w, -4 = 3*u + 8. Calculate the remainder when 13 is divided by w.
1
Suppose -2*l + 2 = -4. What is the remainder when (-930)/(-150) + (-2)/10 is divided by l?
0
Let z = -5 + 7. Suppose -r + 57 = -z*n - 1, -3*r + 3*n + 186 = 0. What is the remainder when -1*2 - r/(-2) is divided by 11?
9
Suppose 12 = 3*x, -4*x = -4*r - 2*x + 60. What is the remainder when 67 is divided by r?
16
Suppose s - 26 = 3*c, -7*s = -6*s - 4*c - 27. What is the remainder when s is divided by 14?
9
Suppose -5*s - 30 = -f - 7*s, -4*f + 128 = 4*s. Calculate the remainder when 132 is divided by f.
30
Suppose 143 = -5*t - 4*q, -23 = t - 5*q + 3*q. Suppose -2*z + x + 76 = 0, 5*x + 4 = 14. Let h = t + z. Calculate the remainder when 35 is divided by h.
11
Suppose 9*g - 12 = 7*g. Let i = 16 + -10. Suppose 3*a - 6 = i. Calculate the remainder when g is divided by a.
2
Suppose -5*s - 41 = -4*j, 0 = 2*j - 0*s - 4*s - 28. Calculate the remainder when 31 is divided by j.
3
What is the remainder when 3 is divided by ((-14)/(-4) + -2)*16/12?
1
Suppose -i + 0*d - 232 = -4*d, -d = -3*i - 652. Let t be (-2)/(-11) + i/(-22). Calculate the remainder when 4/(-10) + 284/t is divided by 15.
13
Let n = 13 - 5. What is the remainder when 13 is divided by n?
5
Suppose -2*o = 5*d, -4*d - 3*o = -0*o. Suppose d*n = -4*n + 76. What is the remainder when n is divided by 7?
5
Let s(y) = -y**3 - 3*y**2 - 2*y + 2. Let c be ((-8)/(-3))/(4/12). Let o = 5 - c. What is the remainder when 23 is divided by s(o)?
7
Let r = -48 - -48. Let p = -40 + 120. Suppose 2*b + 2*b - p = -4*c, -3*c + 4*b + 39 = r. Calculate the remainder when c is divided by 9.
8
Let z(g) = -33*g**2 - 2*g + 1. Let m be z(1). Let q = 51 + m. Calculate the remainder when 49 is divided by q.
15
Let u(t) = 5 + 3 - 6 + 2*t**2. Calculate the remainder when u(3) is divided by 7.
6
Suppose -2*y = -0*y - 72. Calculate the remainder when 105 is divided by y.
33
Let c(l) be the second derivative of 7*l**3/2 - 3*l**2 - 6*l. Calculate the remainder when c(3) is divided by 30.
27
Let l = -3 + 12. Let y = l + -6. Calculate the remainder when 11 is divided by y.
2
What is the remainder when 74 is divided by (40/(-15))/(7/(-6) - -1)?
10
Suppose 0 = 5*i - 9*i + 152. Calculate the remainder when i is divided by 10.
8
Let r(p) = 3*p + 35. Calculate the remainder when r(6) is divided by 28.
25
Suppose s + s = 28. Calculate the remainder when 25 is divided by s.
11
Let n(g) = -3*g**3 - 2*g**2 + 3. Calculate the remainder when n(-2) is divided by 9.
1
Suppose -2*q = 2*v - 68, -4*q + 3 = -9. What is the remainder when v is divided by 19?
12
Suppose -5*x = -5*k - 245, 3*k = -5*x - 0*k + 261. Let n = -55 + 68. What is the remainder when x is divided by n?
12
Let p be (-16)/(-10) - 2/(-5). Suppose 0 = -5*h + 3*h + 62. Suppose -4*u + 13 = p*g + u, 2*g = u + h. Calculate the remainder when 39 is divided by g.
11
Let g = -7 - -4. Let s be 2/(-3) + (-2)/g. Suppose -o - o + 60 = s. What is the remainder when o is divided by 11?
8
Let y be (-4)/(-1) + 1 + -3. Let q = 13 - y. What is the remainder when (-20)/((0 - 3) + 2) is divided by q?
9
Let t = 95 + -90. Calculate the remainder when 64 is divided by t.
4
Suppose 4*h + 38 + 6 = 2*b, 5*b + h = 66. What is the remainder when 40 is divided by b?
12
Calculate the remainder when 1/((-2)/(43*-2)) is divided by 22.
21
Suppose f = 2*f + 4*m + 18, -5*m = 4*f + 17. Let o = 18 + -10. What is the remainder when ((-23)/3)/(f/(-6)) is divided by o?
7
What is the remainder when 21 is divided by (-6)/(-4)*(5 - 1)?
3
Suppose 5*d - 2*h - 65 = 3*h, h - 14 = -2*d. Suppose -16 - 124 = 4*q. Let z = q + 51. What is the remainder when z is divided by d?
7
Let w = -6 + 11. Suppose w*m = 89 + 16. Calculate the remainder when m is divided by 11.
10
Let u be (1 - 0) + (-2 - -1). Let c(y) be the third derivative of y**6/120 - y**5/60 + y**3/2 + 3*y**2. What is the remainder when 5 is divided by c(u)?
2
Suppose 0 = -4*g - 3 + 43. Let z be (-3)/(-6) + 3/6. Suppose -2*l - 5 - 5 = -3*f, 0 = l - z. What is the remainder when g is divided by f?
2
Let d = 218 + -143. Let q be ((-17)/(-3))/(5/d). Suppose 120 = 5*h - q. What is the remainder when h is divided by 21?
20
Let g = -5 + 9. Suppose -g*c - 6*o = -2*o, 3*c = 3*o + 30. Calculate the remainder when c is divided by 3.
2
Suppose 2*q - 30 = -q. Suppose -4*c - 44 = -2*u, 5*c - 9 = 2*c. What is the remainder when u is divided by q?
8
Let x(i) = 2*i**2 - 2*i + 9. Let w be 3/(-5) - 119/35. Calculate the remainder when x(w) is divided by 13.
10
Suppose 2*p - 80 = -4*m, -5*p + 2*m + 200 = -p. Calculate the remainder when 191 is divided by p.
47
Suppose -3*r + 4*r = 0. Suppose -137 = -4*k + 5*z, r*k - 4*k + 130 = 2*z. Calculate the remainder when k is divided by 17.
16
Calculate the remainder when 38*-1*(-2)/4 is divided by 12.
7
Let x(u) be the second derivative of u**4/6 + u**3/2 + u**2 + 3*u. Calculate the remainder when x(4) is divided by 16.
14
Suppose -i + 1 = -4. What is the remainder when i is divided by 4?
1
Let y = -18 - -20. Calculate the remainder when 7 is divided by y.
1
Suppose -n - 3*n + 36 = 0. Calculate the remainder when 15 is divided by n.
6
Let g be 35/(-14)*12/(-10). Suppose 9 + g = 3*q. Let p = 12 - q. Calculate the remainder when p is divided by 5.
3
Suppose 3*p + 4*c - 15 = 0, 15 = p - c + 3. Suppose 0*u - p = -u. What is the remainder when 25 is divided by u?
7
Suppose 2*l = -5*g + 54, -3*g - 2*l = l - 27. Suppose 5*x - 23 = -8. Suppose 92 = x*p + p. What is the remainder when p is divided by g?
11
Suppose -k - 6*o = -2*o + 23, 2*o = -8. Let v = -3 - k. Suppose v = 4*i - 72. What is the remainder when i is divided by 10?
9
Suppose -n - 3*t = -5, -n + t + 25 = -0*n. Let c = -6 + n. What is the remainder when 12 is divided by (-51)/(-7) + (-4)/c?
5
Let u = -83 + 110. Calculate the remainder when 101 is divided by u.
20
Let i = 24 + 1. Let b(f) = -13*f**2 + 68*f + 13. Let p(j) = -9*j**2 + 45*j + 9. Let c(s) = -5*b(s) + 7*p(s). What is the remainder when c(15) is divided by i?
23
Suppose 1 = 3*s - 2*k - 1, 2*s = k + 3. Let h(y) = -y**3 - 9*y**2 - 10*y - 8. Let x be h(-8). Calculate the remainder when 3 is divided by (s/(-3))/(x/(-12)).
1
Let p(b) = -b + 2. Let r be p(-2). Suppose -2*q = -3*q - r. Calculate the remainder when 28 is divided by (-1)/(q/30)*2.
13
Let d(k) = 2*k**2 + k - 1. Let s be d(1). What is the remain